-2))*6. Let f be 8*((-3)/6 - -2). Calculate the greatest common divisor of k and f.
12
Let y be (4 - 1)/(-6)*-2. Calculate the greatest common factor of 5 and y.
1
Suppose -2*f = -5*s - f + 196, 2*f = 2*s - 72. Suppose g - s = -g. Suppose g = 3*r + v, 0*r - 3*v = 5*r - 36. What is the greatest common divisor of r and 4?
2
Let z be 2/(4 + -2) + -4. Let x be 70/(z/(-9)*3). Suppose -2*i = 2, -3*d + 4*i - 2*i + 44 = 0. Calculate the greatest common divisor of d and x.
14
Suppose k - 80 - 19 = 0. What is the greatest common factor of k and 11?
11
Let a = -1 - -1. Let v be -4 - 0/(-3 - a). Let m be ((-100)/15)/(v/30). What is the highest common factor of m and 20?
10
Let c = 29 + -27. Let l be 42 - (-4)/c*-2. What is the highest common factor of 57 and l?
19
Let s be (2 + -3)/((-9)/3078). Calculate the highest common divisor of 38 and s.
38
Let z be 4650/27 + (-2)/9. Suppose 3*d = 128 + z. Calculate the greatest common factor of 20 and d.
20
Let i = -36 + 45. Calculate the greatest common divisor of 1 and i.
1
Let h(q) = q**3 + 8*q**2 - 10*q - 4. Let i be h(-7). Calculate the highest common factor of i and 46.
23
Let u = -1 + 2. Let f be -39*(-4)/4 + u. What is the greatest common divisor of 10 and f?
10
Let y(l) = -19*l**3 - 2*l**2 + 1. Let p be y(-1). Suppose -5*q - m + 8 = -1, 0 = -q + 3*m + 5. Calculate the greatest common factor of p and q.
2
Suppose 5*f - 20 = -0*f. Suppose 12 = 4*y + 3*h - 55, -64 = -f*y - 4*h. Calculate the greatest common divisor of 95 and y.
19
Suppose 4*h = 173 + 135. Let p = 45 + -30. Suppose -3*r + 6 = -p. Calculate the greatest common divisor of r and h.
7
Let c(b) = 8*b. Let j be c(2). Let v be ((-12)/j)/(1/(-32)). What is the highest common factor of 60 and v?
12
Suppose 0*m = -2*m + 12. Let g be (0 - 1)/((-2)/(-14)). Let i(w) = w**3 + 6*w**2 - 9*w + 10. Let y be i(g). Calculate the greatest common factor of y and m.
6
Let p(x) = 12*x**2 + 5*x - 4. Let f be p(-4). What is the greatest common divisor of f and 28?
28
Let u(f) = -f**2 - 9*f + 7. Let c be u(-8). Suppose 2*a = -5*r + 5, -2*r + 10 = 2*a - 4. Calculate the highest common factor of c and a.
5
Let o(q) = 5*q**2 - 7*q - 1. Let d be o(7). Suppose 0*x + d = -x. Let w = 338 + x. Calculate the greatest common divisor of 13 and w.
13
Let o be 3/((-216)/(-70) + -3). What is the greatest common divisor of 105 and o?
35
Let k be 6/10 + 515/(-25). Let d be k/(-15)*(-18)/(-4). Let m = -2 + d. What is the greatest common factor of m and 1?
1
Let q be (1 - (-11)/(-5))*-65. Suppose 0 = 2*i + 6*x - 3*x - q, 184 = 4*i - x. Calculate the highest common factor of 18 and i.
9
Suppose 16 = -2*l + 3*l - z, 4*z = 0. Suppose 24 = w + w - m, 0 = 4*m + l. Calculate the greatest common factor of w and 80.
10
Let y(p) = 3*p - 1. Suppose -4*b = 2*q - 4, 5*b + q + 1 = -3*q. Let d be y(b). Suppose -h = -16 + 4. What is the greatest common factor of d and h?
4
Let v = 19 + -16. Suppose -v*q + 3*u + 9 = 0, 4*q = 3*u - 8 + 22. What is the greatest common factor of q and 5?
5
Let w be (28/12)/(2/6). Let z(s) = s - 3. Let a be z(w). Suppose 5*r + 0*r = -4*u + 217, u - 28 = a*r. What is the highest common factor of 16 and u?
16
Suppose 0 = g + g - 8. Suppose 11 = g*j - 45. Suppose -a = -x - 3*x - 106, -494 = -4*a + 2*x. Calculate the highest common factor of a and j.
14
Let h = -7 - -37. Suppose -3*z = 0, -5*y + 11*z = 8*z - 225. Calculate the greatest common factor of h and y.
15
Let n = 3 + -1. Suppose o - 4*o = -2*s - 13, -2*o - n = 4*s. Suppose 0 = 4*j - 5*r - 108, o*j - 3*r = -2*r + 70. Calculate the highest common factor of j and 2.
2
Suppose 3*s - 4*s + 22 = 4*u, -3*u - 22 = -s. Suppose -p - 4*m - m + 28 = 0, s = p + 3*m. Calculate the greatest common factor of p and 13.
13
Let s be (-6)/((-48)/(-56)) - -25. Let a be (-274)/(-10) + 2/(-5). What is the greatest common divisor of a and s?
9
Suppose -2*g - 56 = -3*g. Suppose 2*h + h + 2*d = 16, -5*d = -2*h + 36. What is the highest common factor of h and g?
8
Let w(b) = b**2 - 6*b - 7. Let u be w(-3). Calculate the greatest common factor of u and 5.
5
Suppose 15*i - 17*i = -70. What is the highest common divisor of i and 10?
5
Suppose 0 = -4*i + 2*p + 386, 241 = 2*i - 5*p + 44. What is the highest common factor of i and 12?
12
Let i be (27/36)/(1/4). Suppose -s - 6 = -i*q + 5, 0 = -5*s + 5. Let y = 33 + 7. Calculate the highest common factor of q and y.
4
Let x = -8 - -20. Calculate the highest common factor of x and 20.
4
Let l(x) = x**2 - 8*x + 9. Suppose -q + 0*q = -3*v + 27, -3*v + 4*q + 27 = 0. Let k be l(v). What is the greatest common divisor of k and 144?
18
Let s = -61 - -103. Calculate the greatest common factor of 7 and s.
7
Suppose 10*m - 1 = 329. What is the greatest common factor of m and 11?
11
Let a = 26 + 3. Calculate the highest common factor of 87 and a.
29
Suppose 4*j - 8 = h, h = 5*j - 2*h - 3. Calculate the greatest common factor of j and 4.
1
Suppose -3*j - r = 3*r - 34, -j = 3*r - 13. Suppose -5*x = -j - 0. Let q be 0 - -3 - (2 - 4). Calculate the highest common divisor of q and x.
1
Let g be (-24)/108 + (-2)/(36/(-490)). Calculate the highest common divisor of 126 and g.
9
Let j be ((-88)/(-3) + 4)*(-24)/(-20). What is the highest common divisor of j and 16?
8
Let z = -16 + 28. Calculate the greatest common factor of z and 4.
4
Let s = 39 - -41. Calculate the greatest common divisor of 64 and s.
16
Let v be 18/10 + 84/(-105). Suppose -5*j = -2*j - 33. Calculate the highest common factor of v and j.
1
Let f = -58 + 81. Calculate the greatest common divisor of f and 46.
23
Let x = 15 - 7. Calculate the greatest common divisor of 8 and x.
8
Suppose -4*y - j + 26 = 0, -4 = -2*y + 2*j + 4. Calculate the greatest common divisor of 12 and y.
6
Suppose -4*s + 39 = -u, -2*u + 4 + 6 = 0. Calculate the greatest common factor of 88 and s.
11
Let y be 3*-1*(-5)/5. Suppose y*r - 35 = -2*r. Calculate the greatest common factor of 28 and r.
7
Let j(v) = -v**2 + 11*v - 10. Let t be j(8). Suppose 2 = 3*z + 5, 206 = 3*d + 4*z. Calculate the highest common divisor of t and d.
14
Suppose 0 = -p + a + 3*a + 8, 0 = -5*p - 5*a + 65. Calculate the greatest common factor of p and 60.
12
Let o = 83 + -7. What is the highest common factor of o and 19?
19
Suppose -f = m - 107, f - 4 = m + 113. Suppose 2*i - 32 = -3*h, -8*h + 80 = 5*i - 4*h. What is the greatest common divisor of i and f?
16
Let h(l) = l**2 + 27. Let j(a) = a**2 - 11*a. Let q be j(11). Let n be h(q). Calculate the greatest common factor of 18 and n.
9
Let o = -28 - -54. Suppose 3*l - 2*b - 4 - o = 0, 0 = -2*l + 2*b + 20. Suppose -i = -0*i - 30. What is the highest common divisor of l and i?
10
Suppose 240 = -6*t + 8*t. What is the greatest common divisor of 15 and t?
15
Suppose 0 = -5*v - 5, q - 3 = -0*v + v. Suppose q*z - 4 = 0, -2*k - z = -3*z - 6. Suppose 0 = k*a - a - 288. What is the greatest common divisor of 9 and a?
9
Let a = 1 - 0. Let k be (3 - 1) + a + 6. Let l be (-28)/98 - 88/(-14). Calculate the highest common divisor of l and k.
3
Let u(t) = t**2 + 2*t + 4. Let x be u(-4). Calculate the highest common factor of 3 and x.
3
Let v be (-2)/(-8) - 472/(-32). Let l be (-2)/5 + 231/v. Suppose 3*q = -5 + 35. What is the highest common factor of l and q?
5
Suppose 0 = -2*k + 52 + 44. Calculate the highest common divisor of 432 and k.
48
Suppose -4 = 2*w + 2*w. Let z be (22 - 3) + (-1)/w. What is the greatest common divisor of z and 5?
5
Suppose -y - 27 = -3*t + 5, -t + y + 12 = 0. What is the greatest common divisor of t and 50?
10
Suppose 5*g - 28 = 57. Suppose -3*w - 21 = -72. Calculate the greatest common divisor of w and g.
17
Let c be (-9 - 12/(-2)) + 159. What is the highest common divisor of c and 12?
12
Suppose 3*y - 5*o = -4, 3*y - 4 = 2*o - o. Let t(z) = z**2 - 2*z. Let f be t(2). Let x be y + 0/(-2) + f. What is the greatest common divisor of 14 and x?
2
Let t = 60 + -33. Calculate the greatest common divisor of 27 and t.
27
Suppose -428 = -3*y + y - 5*j, 4*j = -5*y + 1104. What is the highest common divisor of y and 32?
32
Suppose 5*d + 1 = 2*z, 2*z = 3*d - 6 + 13. Let k = z + -4. Suppose -2 = 2*l + 5*a + 1, -4*l = k*a. What is the highest common factor of l and 1?
1
Let l(p) = p**3 - 6*p**2 + 4*p + 5. Let h be l(5). Suppose h*m + 2*m - 4 = 0. Let n be -2*